 s be d(2). What is the highest common divisor of 252 and s?
12
Let t be (-2898)/(-81) - (2/9)/(-1). Calculate the highest common divisor of t and 18.
18
Let q(o) = o**3 + 2*o**2 - 1. Let i be q(-1). Suppose i = -p - 2985 + 477. Let x be ((-2)/4)/(6/p). Calculate the greatest common divisor of 19 and x.
19
Let s = 73 + 3. Suppose r + s = 2*r. What is the highest common factor of r and 114?
38
Let j = -37 - -89. Calculate the greatest common factor of j and 91.
13
Let s = 6 - 3. Suppose -2*z - z = -y - s, 5*z + 4*y - 5 = 0. Let b be ((-1)/(-2))/(-7 - 105/(-14)). Calculate the highest common divisor of b and z.
1
Suppose -l + 3 + 4 = 0. Let u = 2737 - 2576. What is the highest common divisor of l and u?
7
Let n(t) = 14*t**2 - 5*t - 1. Let b be n(-4). Suppose 18 + 38 = -4*s - 4*l, 4*s = l - 81. Let v = s + 46. What is the highest common divisor of v and b?
27
Suppose 2*s + 40 = 6*s. Let n(j) = -j**3 - 12*j**2 - 11*j + 50. Let h be n(-11). What is the greatest common factor of h and s?
10
Let j be 1 - 0 - (-1 + -6). Suppose 3*x - 3206 = -5*p, 5*p - 2*x - 3*x = 3190. Suppose -18*w + p = -8*w. Calculate the greatest common factor of j and w.
8
Let y = 553 - 274. Calculate the greatest common divisor of 18 and y.
9
Suppose 7*w - 412 = 218. Calculate the greatest common factor of w and 10.
10
Suppose -18 = -8*t + 94. What is the greatest common factor of 224 and t?
14
Let w be 2/6*-3 - -71. What is the highest common factor of 14 and w?
14
Let h = -187 - -211. Let r(u) = -10*u + 8. Let c(d) = -5*d + 4. Let f(n) = -7*c(n) + 3*r(n). Let x be f(4). Calculate the greatest common factor of h and x.
8
Suppose p - 1 = 2*q, 6*p - 2*p + q - 49 = 0. Let y = p - -31. What is the greatest common factor of 6 and y?
6
Let l be 32/240 + 1/((-15)/(-763)). Calculate the highest common divisor of 408 and l.
51
Suppose -5*w = 5*d - 65, -2*w - w = -5*d - 79. Let o be (2*3)/((-4)/(-132)). Calculate the highest common divisor of w and o.
18
Suppose 4*y = 293 + 91. Let k(a) = 22*a**2 - 3*a - 1. Let z be k(-1). Suppose 33*m = 31*m + z. Calculate the highest common factor of y and m.
12
Let x = 26 + -12. Suppose -2*m - j + 8 = 0, 2*j + 25 - 37 = -2*m. Calculate the highest common factor of m and x.
2
Let l = -13 - -38. Let i(b) = -5*b**2 - 2*b + 1. Let s be i(1). Let f = -1 - s. Calculate the greatest common divisor of l and f.
5
Let l be 18/4 + 3/2. Let w = l + 1. Suppose 0 = -w*y + 9*y - 50. What is the highest common factor of 275 and y?
25
Let i = 6 + -10. Let t be (-273)/(-5) + i/(-10). Suppose -f = -2*d + 8 + 10, -4*f = 5*d - 71. What is the highest common divisor of t and d?
11
Let o be (-35)/(-4) + 5/20. Suppose o*b = 13*b - 108. Calculate the highest common divisor of 27 and b.
27
Suppose -60 = -3*g - 0*g. Suppose -4*t = 2*i + 3*i - 40, 0 = -5*t - i + 71. What is the greatest common divisor of t and g?
5
Let n be 16/(-3)*21/(-14). Let u(s) = n*s**2 - s + 0*s**2 - s**2 + 2*s. Let j be u(2). What is the greatest common factor of 12 and j?
6
Let l(j) = -2*j**3 - 60*j**2 + 57*j - 101. Let k be l(-31). Calculate the greatest common factor of 837 and k.
27
Let p = 105 + -57. Suppose 5*d = 4*m + 26, -7*m - 7 = -2*d - 2*m. What is the greatest common divisor of p and d?
6
Let i(h) = h**3 + 21*h**2 - 19*h + 71. Let w be i(-22). Let k be (1/(-1))/((-3)/(-9)). Let r be k*14/(-6) - 2. What is the highest common factor of r and w?
5
Let a = -3 + 21. Suppose 0*n = n - a. Let g(r) = r**2 - 2*r + 10. Let o be g(-5). What is the highest common factor of n and o?
9
Let m(y) = y**2 + 15*y. Let c be m(-16). What is the highest common factor of c and 104?
8
Suppose 3 = -u + 8. Let j(m) = -m**3 + m**2 + 7*m - 3. Let o be j(3). Suppose o = -4*s + 75 - 15. What is the highest common divisor of u and s?
5
Let t be (-7)/(-1)*2208/56. What is the greatest common divisor of 12 and t?
12
Let v be (4/8)/((-2)/(-276)) - 5. Suppose -n - 27 = -u, 0*u - 4*n + 148 = 4*u. What is the highest common factor of u and v?
32
Suppose 15*u + 22*u = 518. Calculate the greatest common divisor of u and 14.
14
Let j(a) = a**2 + 3*a + 10. Let m be j(8). Suppose 43 = -y + m. Let i(n) = 28*n + 347. Let t be i(-12). What is the greatest common factor of t and y?
11
Suppose 396 = -3*w - 4*a, 2*w + a = -a - 262. Let x = 164 + w. Let f = 15 + -11. What is the highest common divisor of x and f?
4
Let h(c) = -2*c**3 - 6*c**2 + c - 7. Let w be h(-5). Suppose 4*a - w - 236 = 0. What is the greatest common divisor of a and 9?
9
Let g be 183 + (-5 + 3 - -5). Let x = -151 + g. Calculate the highest common divisor of 5 and x.
5
Suppose 4*q + 8*n = 7*n - 19, 3*q = -2*n - 13. Let i be (-19)/(-7) + 4/14. Let z be i + (20/q - -61). Calculate the highest common divisor of 12 and z.
12
Suppose 50 + 6 = 4*q. Calculate the highest common factor of q and 301.
7
Let i(p) = 7*p**2 + 4*p - 1. Let y be i(-3). Suppose 6*g = g + y. Let w(q) = -q**2 + 11*q - 14. Let k be w(3). Calculate the highest common factor of g and k.
10
Suppose -4*y - h + 4*h = -177, -y - h + 46 = 0. What is the highest common factor of 3015 and y?
45
Let h(z) = 4*z**2 - 3*z + 2. Let t be h(4). Suppose 63*v = 62*v - 4. Let d be ((-12)/(-14))/(-4*v/112). Calculate the highest common factor of t and d.
6
Suppose 3*d - 5*z - 50 = 0, -3*d + 43 = z + z. Let w(l) = l + 5. Let o be w(d). What is the greatest common factor of o and 30?
10
Let k be (-6 + 4)*(252/(-8) - -3). What is the highest common factor of 6 and k?
3
Let c be (-91)/(-3) + -3*(-4)/(-36). Suppose -3*q + c = -48. Let p be (-143)/((-3)/12*2). What is the greatest common factor of q and p?
26
Let c be (-13)/117*-6 - 6430/(-3). What is the greatest common divisor of c and 67?
67
Let w be 54/378 - (-559)/7. Calculate the highest common divisor of 50 and w.
10
Suppose 49*q = 64*q - 210. Let l(x) = 8*x**2 - x + 2. Let w be l(4). What is the highest common factor of w and q?
14
Suppose 3*g - 10 = 2. Let m be (-28)/8 - 2/4. Let s(b) = -10*b - 28. Let d be s(m). What is the greatest common divisor of g and d?
4
Suppose 3*s = 19 - 13, 4*s = -2*i + 62. Calculate the highest common factor of 477 and i.
9
Suppose -3*p = -5*p. Suppose -5*t - 2 = -22. Suppose p = r + t*r - 50. Calculate the greatest common divisor of 10 and r.
10
Let w(t) = 0 + 3*t + 30 + 23 - t. Let f be w(-13). What is the highest common factor of f and 9?
9
Let v(j) = j**2 + 16*j + 34. Let x be v(-15). Let d be 3*x*(-3)/(-9). What is the highest common factor of d and 95?
19
Let b = -68 + 69. Let y be (-216)/((-3)/b) - 2. What is the greatest common divisor of y and 10?
10
Let v(g) = g**2 + 10*g - 11. Suppose f - 11 = 2*f. Let c be v(f). Suppose c = o - 2*o + 10. What is the highest common factor of 10 and o?
10
Suppose 5*w = -0*w - 20, -5*z + w = 61. Let d = 3 - z. Suppose 8 - 20 = -3*x. What is the greatest common divisor of d and x?
4
Suppose -3*f = -6*p + 3*p - 135, 0 = p - 3*f + 55. Let y be 792/(-96)*p/3. Calculate the greatest common factor of y and 10.
10
Let x(g) = 2*g**2 - 5*g + 3. Let t be x(5). Let q(v) = -2*v**2 - 15*v - 7*v - 7*v - 11. Let c be q(-13). What is the highest common divisor of t and c?
28
Suppose s = 5*s - 8. Let n be 174/11 + s/11. Let x be (-2)/(-19) + (-12 - 8866/(-247)). Calculate the greatest common divisor of n and x.
8
Let p(t) = -9*t + 1. Let g be p(-2). Let q = 27 - g. Let y be 144/(-10)*1*-5. What is the highest common divisor of y and q?
8
Let a = 7 - 3. Let i(l) = -2*l + 0*l**3 + 1 + 0 + 1 - l**3 + a*l**2. Let d be i(2). Calculate the highest common factor of d and 48.
6
Suppose -3*c = -5*p - 297, 4*c - 4*p - 126 - 262 = 0. Let u = c - -26. What is the greatest common factor of u and 30?
30
Let f = -163 + 244. What is the highest common divisor of 81 and f?
81
Let j = 877 + -862. Calculate the highest common factor of j and 85.
5
Let l be ((-9)/5 + 1)/(95/(-4275)). What is the greatest common divisor of l and 45?
9
Suppose -27 = -z - 25. Suppose -58 = -z*d - 5*c, -6*d = -5*d + c - 26. Calculate the greatest common factor of 36 and d.
12
Let j = 1437 - 1427. Calculate the highest common factor of 18 and j.
2
Let r(g) = -g**3 - 9*g**2 + g + 11. Let j be r(-10). Let i = j - -27. Calculate the greatest common factor of i and 16.
16
Let t be ((-3)/(-2))/(27/36). Suppose r = -t*r + 6. Suppose -h = -4*g - 36, 3*g + r = 